{"id":881,"date":"2025-04-05T12:44:04","date_gmt":"2025-04-05T10:44:04","guid":{"rendered":"https:\/\/minimodes.fuw.edu.pl\/?page_id=881"},"modified":"2026-03-31T13:08:52","modified_gmt":"2026-03-31T11:08:52","slug":"programme","status":"publish","type":"page","link":"https:\/\/minimodes.fuw.edu.pl\/?page_id=881","title":{"rendered":"Programme \u2013 2025"},"content":{"rendered":"\n<p>The following schedule is an outline of key activities and is subject to change<\/p>\n\n\n\n<h4 class=\"wp-block-heading has-text-align-center\">Day 1 &#8211; Saturday, 30th August<\/h4>\n\n\n\n<figure class=\"wp-block-table aligncenter is-style-stripes\"><table><thead><tr><th>Time<\/th><th>Event<\/th><th>Where?<\/th><\/tr><\/thead><tbody><tr><td>10:00<\/td><td>Coach from Warsaw to Ch\u0119ciny<\/td><td>Faculty of Geology UW, Warsaw<\/td><\/tr><tr><td>13:00<\/td><td>Registration<\/td><td>ECEG Ch\u0119ciny<\/td><\/tr><tr><td>13:45<\/td><td><strong>Welcome remarks<\/strong><\/td><td>Lecture Hall<\/td><\/tr><tr><td>14:00<\/td><td><strong>Micha\u0142 Karpi\u0144ski<\/strong><\/td><td>Lecture Hall<\/td><\/tr><tr><td>15:00<\/td><td>Lunch<\/td><td>Canteen<\/td><\/tr><tr><td>16:00<\/td><td>Raj Cave Excursion<\/td><td><a href=\"https:\/\/jaskiniaraj.pl\/galeria\/\" data-type=\"link\" data-id=\"https:\/\/jaskiniaraj.pl\/galeria\/\">Raj Cave<\/a><\/td><\/tr><tr><td>18:45<\/td><td><strong>Alessandra Carmichael-Martins<\/strong><\/td><td>Lecture Hall<\/td><\/tr><tr><td>19:45<\/td><td>Dinner &amp; Social time<\/td><td>Canteen &amp; Club Room<\/td><\/tr><\/tbody><\/table><\/figure>\n\n\n\n<h4 class=\"wp-block-heading has-text-align-center\">Day 2 &#8211; Sunday, 31th August<\/h4>\n\n\n\n<figure class=\"wp-block-table aligncenter is-style-stripes\"><table><tbody><tr><td>9:00<\/td><td>Breakfast<\/td><td>Canteen<\/td><\/tr><tr><td>10:00<\/td><td>Ch\u0119ciny Castle Excursion<\/td><td><a href=\"https:\/\/goo.gl\/maps\/ywnjNyPLjxcssYyX9\">Castle in Ch\u0119ciny<\/a><\/td><\/tr><tr><td>12:30<\/td><td><strong><strong>Piotr Wcis\u0142o<\/strong><\/strong><\/td><td>Lecture Hall<\/td><\/tr><tr><td>13:30<\/td><td>Coffee break<\/td><td>Club Room<\/td><\/tr><tr><td>14:00<\/td><td><strong><strong>Grzegorz Sobo\u0144<\/strong><\/strong><\/td><td>Lecture Hall<\/td><\/tr><tr><td>15:00<\/td><td>Lunch<\/td><td>Canteen<\/td><\/tr><tr><td>16:00<\/td><td><strong>MiniTalks and poster session 1<\/strong><\/td><td>Lecture Hall<\/td><\/tr><tr><td>18:00<\/td><td>Coffee break<\/td><td>Club Room<\/td><\/tr><tr><td>18:30<\/td><td><strong>MiniTalks and poster session 2<\/strong><\/td><td>Lecture Hall<\/td><\/tr><tr><td>20:30<\/td><td>Bonfire &amp; Social time<\/td><td>Outdoors<\/td><\/tr><\/tbody><\/table><\/figure>\n\n\n\n<h4 class=\"wp-block-heading has-text-align-center\">Day 3 &#8211; Monday, 1st September<\/h4>\n\n\n\n<figure class=\"wp-block-table aligncenter is-style-stripes\"><table><tbody><tr><td>9:00<\/td><td>Breakfast<\/td><td>Canteen<\/td><\/tr><tr><td>10:00<\/td><td><strong>PhD to CEO Session<\/strong><\/td><td>Lecture Hall<\/td><\/tr><tr><td>11:30<\/td><td>Coffee break<\/td><td>Club room<\/td><\/tr><tr><td>11:50<\/td><td><strong>Richard Zeltner<\/strong><\/td><td>Lecture Hall<\/td><\/tr><tr><td>12:50<\/td><td>Coffee break<\/td><td>Club room<\/td><\/tr><tr><td>13:10<\/td><td><strong>Mateusz Szatkowski<\/strong><\/td><td>Lecture Hall<\/td><\/tr><tr><td>14:10<\/td><td>Closing ceremony<\/td><td>Lecture Hall<\/td><\/tr><tr><td>14:30<\/td><td>Lunch<\/td><td>Canteen<\/td><\/tr><tr><td>15:30<\/td><td>Coach from Ch\u0119ciny to Warsaw<\/td><td>Faculty of Physics UW, Warsaw<\/td><\/tr><\/tbody><\/table><\/figure>\n\n\n\n<p><\/p>\n","protected":false},"excerpt":{"rendered":"<p>The following schedule is an outline of key activities and is subject to change Day 1 &#8211; Saturday, 30th August Time Event Where? 10:00 Coach from Warsaw to Ch\u0119ciny Faculty of Geology UW, Warsaw 13:00 Registration ECEG Ch\u0119ciny 13:45 Welcome remarks Lecture Hall 14:00 Micha\u0142 Karpi\u0144ski Lecture Hall 15:00 Lunch &hellip;<\/p>\n","protected":false},"author":1,"featured_media":0,"parent":1410,"menu_order":0,"comment_status":"closed","ping_status":"closed","template":"","meta":{"footnotes":""},"class_list":["post-881","page","type-page","status-publish","hentry"],"_links":{"self":[{"href":"https:\/\/minimodes.fuw.edu.pl\/index.php?rest_route=\/wp\/v2\/pages\/881","targetHints":{"allow":["GET"]}}],"collection":[{"href":"https:\/\/minimodes.fuw.edu.pl\/index.php?rest_route=\/wp\/v2\/pages"}],"about":[{"href":"https:\/\/minimodes.fuw.edu.pl\/index.php?rest_route=\/wp\/v2\/types\/page"}],"author":[{"embeddable":true,"href":"https:\/\/minimodes.fuw.edu.pl\/index.php?rest_route=\/wp\/v2\/users\/1"}],"replies":[{"embeddable":true,"href":"https:\/\/minimodes.fuw.edu.pl\/index.php?rest_route=%2Fwp%2Fv2%2Fcomments&post=881"}],"version-history":[{"count":34,"href":"https:\/\/minimodes.fuw.edu.pl\/index.php?rest_route=\/wp\/v2\/pages\/881\/revisions"}],"predecessor-version":[{"id":1414,"href":"https:\/\/minimodes.fuw.edu.pl\/index.php?rest_route=\/wp\/v2\/pages\/881\/revisions\/1414"}],"up":[{"embeddable":true,"href":"https:\/\/minimodes.fuw.edu.pl\/index.php?rest_route=\/wp\/v2\/pages\/1410"}],"wp:attachment":[{"href":"https:\/\/minimodes.fuw.edu.pl\/index.php?rest_route=%2Fwp%2Fv2%2Fmedia&parent=881"}],"curies":[{"name":"wp","href":"https:\/\/api.w.org\/{rel}","templated":true}]}}